{"id":2617,"date":"2021-03-23T12:44:48","date_gmt":"2021-03-23T12:44:48","guid":{"rendered":"https:\/\/aims-senegal.org\/?post_type=event&#038;p=2617"},"modified":"2021-03-26T09:11:31","modified_gmt":"2021-03-26T09:11:31","slug":"international-day-of-women-girls-in-science","status":"publish","type":"event","link":"https:\/\/aims-senegal.org\/fr\/event\/international-day-of-women-girls-in-science\/","title":{"rendered":"Journ\u00e9e internationale des femmes et des filles en science"},"content":{"rendered":"","protected":false},"excerpt":{"rendered":"","protected":false},"author":15,"featured_media":2942,"parent":0,"template":"","meta":{"advgb_blocks_editor_width":"","advgb_blocks_columns_visual_guide":""},"tags":[],"event_types":[28],"event_times":[],"acf":[],"featured_img":"https:\/\/aims-senegal.org\/wp-content\/uploads\/sites\/2\/2021\/03\/IDWGS-Event-Banner-scaled.jpg","coauthors":[],"author_meta":{"author_link":"https:\/\/aims-senegal.org\/fr\/author\/roger\/","display_name":"roger"},"relative_dates":{"created":"Publi\u00e9 5 ans il y a","modified":"Mis \u00e0 jour 5 ans il y a"},"absolute_dates":{"created":"Publi\u00e9 le mars 23, 2021","modified":"Mise \u00e0 jour le mars 26, 2021"},"absolute_dates_time":{"created":"Publi\u00e9 le mars 23, 2021 12:44  ","modified":"Mise \u00e0 jour le mars 26, 2021 9:11  "},"featured_img_caption":"","tax_additional":{"post_tag":{"linked":[],"unlinked":[],"slug":"post_tag","name":"\u00c9tiquettes"},"event_types":{"linked":["<a href=\"https:\/\/aims-senegal.org\/fr\/event_type\/public\/\" class=\"advgb-post-tax-term\">Public<\/a>"],"unlinked":["<span class=\"advgb-post-tax-term\">Public<\/span>"],"slug":"event_types","name":"Event Type"},"event_times":{"linked":[],"unlinked":[],"slug":"event_times","name":"Event Time"}},"series_order":"","_links":{"self":[{"href":"https:\/\/aims-senegal.org\/fr\/wp-json\/wp\/v2\/event\/2617"}],"collection":[{"href":"https:\/\/aims-senegal.org\/fr\/wp-json\/wp\/v2\/event"}],"about":[{"href":"https:\/\/aims-senegal.org\/fr\/wp-json\/wp\/v2\/types\/event"}],"author":[{"embeddable":true,"href":"https:\/\/aims-senegal.org\/fr\/wp-json\/wp\/v2\/users\/15"}],"version-history":[{"count":3,"href":"https:\/\/aims-senegal.org\/fr\/wp-json\/wp\/v2\/event\/2617\/revisions"}],"predecessor-version":[{"id":3592,"href":"https:\/\/aims-senegal.org\/fr\/wp-json\/wp\/v2\/event\/2617\/revisions\/3592"}],"wp:featuredmedia":[{"embeddable":true,"href":"https:\/\/aims-senegal.org\/fr\/wp-json\/wp\/v2\/media\/2942"}],"wp:attachment":[{"href":"https:\/\/aims-senegal.org\/fr\/wp-json\/wp\/v2\/media?parent=2617"}],"wp:term":[{"taxonomy":"post_tag","embeddable":true,"href":"https:\/\/aims-senegal.org\/fr\/wp-json\/wp\/v2\/tags?post=2617"},{"taxonomy":"event_types","embeddable":true,"href":"https:\/\/aims-senegal.org\/fr\/wp-json\/wp\/v2\/event_types?post=2617"},{"taxonomy":"event_times","embeddable":true,"href":"https:\/\/aims-senegal.org\/fr\/wp-json\/wp\/v2\/event_times?post=2617"}],"curies":[{"name":"wp","href":"https:\/\/api.w.org\/{rel}","templated":true}]}}

Journée internationale des femmes et des filles en science

Publié 5 ans il y a

Mis à jour 5 ans il y a

Publié le mars 23, 2021

Mise à jour le mars 26, 2021

Publié le mars 23, 2021 12:44

Mise à jour le mars 26, 2021 9:11

Étiquettes
