{"id":3836,"date":"2021-02-15T01:11:43","date_gmt":"2021-02-15T01:11:43","guid":{"rendered":"https:\/\/aims-senegal.org\/?post_type=event&#038;p=3836"},"modified":"2021-07-15T01:32:25","modified_gmt":"2021-07-15T01:32:25","slug":"spring-school-on-local-nonlocal-elliptic-geometric-problems-aims-senegal-mbour-february-18-22-2019","status":"publish","type":"event","link":"https:\/\/aims-senegal.org\/fr\/event\/spring-school-on-local-nonlocal-elliptic-geometric-problems-aims-senegal-mbour-february-18-22-2019\/","title":{"rendered":"SPRING SCHOOL on &#8220;Local &amp; Nonlocal Elliptic &amp; Geometric problems&#8221; AIMS-Senegal, Mbour,  February 18-22, 2019"},"content":{"rendered":"<p>The Spring School is jointly organized by AIMS Senegal and the Goethe-University Frankfurt, and it is funded by the DAAD Germany within the project &#8220;Local and Nonlocal Effects in Geometric Variational Problems&#8221;. In addition to participants from AIMS Senegal, up to 20 junior scientists are invited participate.<\/p>\n\n\n\n<p>The scientific program and meals will take place at the&nbsp;<a href=\"https:\/\/aims-senegal.org\/fr\/\">African Institute for Mathematical Sciences (AIMS) in Mbour, Senegal<\/a>, situated approximately eighty kilometers south of Dakar at the Atlantic Coast. Accomodation will be arranged by AIMS in a nearby hotel (nightly rate around 60 \u20ac). Transport from the&nbsp;<a href=\"http:\/\/www.aeroportdakar.com\/\">A\u00e9roport Daka<\/a>R aux h\u00f4tels sera \u00e9galement organis\u00e9 par AIMS.<\/p>\n\n\n\n<p><strong>Link to APPLY:  <a href=\"https:\/\/docs.google.com\/forms\/u\/0\/d\/e\/1FAIpQLSdEfKyWf3mM5ogC1DN0gPetbtaBbVQceNwyBqmB4AKZ3GIinA\/closedform\" data-type=\"URL\" data-id=\"https:\/\/docs.google.com\/forms\/u\/0\/d\/e\/1FAIpQLSdEfKyWf3mM5ogC1DN0gPetbtaBbVQceNwyBqmB4AKZ3GIinA\/closedform\" target=\"_blank\" rel=\"noreferrer noopener\">ICI<\/a> (Deadline November 20 th.)<\/strong><\/p>","protected":false},"excerpt":{"rendered":"<p>The Spring School is jointly organized by AIMS Senegal and the Goethe-University Frankfurt, and it is funded by the DAAD Germany within the project &#8220;Local and Nonlocal Effects in Geometric Variational Problems&#8221;. In addition to participants from AIMS Senegal, up to 20 junior scientists are invited participate. The scientific program and meals will take place<\/p>","protected":false},"author":21,"featured_media":3832,"parent":0,"template":"","meta":{"advgb_blocks_editor_width":"","advgb_blocks_columns_visual_guide":""},"tags":[],"event_types":[28,26],"event_times":[],"acf":[],"featured_img":"https:\/\/aims-senegal.org\/wp-content\/uploads\/sites\/2\/2021\/07\/weth1-small.png","coauthors":[],"author_meta":{"author_link":"https:\/\/aims-senegal.org\/fr\/author\/salif\/","display_name":"salif"},"relative_dates":{"created":"Publi\u00e9 5 ans il y a","modified":"Mis \u00e0 jour 5 ans il y a"},"absolute_dates":{"created":"Publi\u00e9 le f\u00e9vrier 15, 2021","modified":"Mise \u00e0 jour le juillet 15, 2021"},"absolute_dates_time":{"created":"Publi\u00e9 le f\u00e9vrier 15, 2021 1:11  ","modified":"Mise \u00e0 jour le juillet 15, 2021 1:32  "},"featured_img_caption":"","tax_additional":{"post_tag":{"linked":[],"unlinked":[],"slug":"post_tag","name":"\u00c9tiquettes"},"event_types":{"linked":["<a href=\"https:\/\/aims-senegal.org\/fr\/event_type\/public\/\" class=\"advgb-post-tax-term\">Public<\/a>","<a href=\"https:\/\/aims-senegal.org\/fr\/event_type\/workshop\/\" class=\"advgb-post-tax-term\">Workshop<\/a>"],"unlinked":["<span class=\"advgb-post-tax-term\">Public<\/span>","<span class=\"advgb-post-tax-term\">Workshop<\/span>"],"slug":"event_types","name":"Event Type"},"event_times":{"linked":[],"unlinked":[],"slug":"event_times","name":"Event Time"}},"series_order":"","_links":{"self":[{"href":"https:\/\/aims-senegal.org\/fr\/wp-json\/wp\/v2\/event\/3836"}],"collection":[{"href":"https:\/\/aims-senegal.org\/fr\/wp-json\/wp\/v2\/event"}],"about":[{"href":"https:\/\/aims-senegal.org\/fr\/wp-json\/wp\/v2\/types\/event"}],"author":[{"embeddable":true,"href":"https:\/\/aims-senegal.org\/fr\/wp-json\/wp\/v2\/users\/21"}],"version-history":[{"count":2,"href":"https:\/\/aims-senegal.org\/fr\/wp-json\/wp\/v2\/event\/3836\/revisions"}],"predecessor-version":[{"id":3838,"href":"https:\/\/aims-senegal.org\/fr\/wp-json\/wp\/v2\/event\/3836\/revisions\/3838"}],"wp:featuredmedia":[{"embeddable":true,"href":"https:\/\/aims-senegal.org\/fr\/wp-json\/wp\/v2\/media\/3832"}],"wp:attachment":[{"href":"https:\/\/aims-senegal.org\/fr\/wp-json\/wp\/v2\/media?parent=3836"}],"wp:term":[{"taxonomy":"post_tag","embeddable":true,"href":"https:\/\/aims-senegal.org\/fr\/wp-json\/wp\/v2\/tags?post=3836"},{"taxonomy":"event_types","embeddable":true,"href":"https:\/\/aims-senegal.org\/fr\/wp-json\/wp\/v2\/event_types?post=3836"},{"taxonomy":"event_times","embeddable":true,"href":"https:\/\/aims-senegal.org\/fr\/wp-json\/wp\/v2\/event_times?post=3836"}],"curies":[{"name":"wp","href":"https:\/\/api.w.org\/{rel}","templated":true}]}}

<p>The Spring School is jointly organized by AIMS Senegal and the Goethe-University Frankfurt, and it is funded by the DAAD Germany within the project &#8220;Local and Nonlocal Effects in Geometric Variational Problems&#8221;. In addition to participants from AIMS Senegal, up to 20 junior scientists are invited participate.</p>



<p>The scientific program and meals will take place at the&nbsp;<a href="https://aims-senegal.org/fr/">African Institute for Mathematical Sciences (AIMS) in Mbour, Senegal</a>, situated approximately eighty kilometers south of Dakar at the Atlantic Coast. Accomodation will be arranged by AIMS in a nearby hotel (nightly rate around 60 €). Transport from the&nbsp;<a href="http://www.aeroportdakar.com/">Aéroport Daka</a>R aux hôtels sera également organisé par AIMS.</p>



<p><strong>Link to APPLY:  <a href="https://docs.google.com/forms/u/0/d/e/1FAIpQLSdEfKyWf3mM5ogC1DN0gPetbtaBbVQceNwyBqmB4AKZ3GIinA/closedform" data-type="URL" data-id="https://docs.google.com/forms/u/0/d/e/1FAIpQLSdEfKyWf3mM5ogC1DN0gPetbtaBbVQceNwyBqmB4AKZ3GIinA/closedform" target="_blank" rel="noreferrer noopener">ICI</a> (Deadline November 20 th.)</strong></p>

Publié 5 ans il y a

Mis à jour 5 ans il y a

Publié le février 15, 2021

Mise à jour le juillet 15, 2021

Publié le février 15, 2021 1:11

Mise à jour le juillet 15, 2021 1:32

Étiquettes
