{"id":5209,"date":"2023-01-31T12:08:52","date_gmt":"2023-01-31T12:08:52","guid":{"rendered":"https:\/\/aims-senegal.org\/?post_type=person&#038;p=5209"},"modified":"2023-01-31T12:17:59","modified_gmt":"2023-01-31T12:17:59","slug":"professor-moussa-balde","status":"publish","type":"person","link":"https:\/\/aims-senegal.org\/fr\/person\/professor-moussa-balde\/","title":{"rendered":"Professor Moussa Balde"},"content":{"rendered":"<div class=\"wp-block-cover has-background-dim profile-banner bg-alt\" style=\"background-color:none\"><div class=\"wp-block-cover__inner-container\">\n\n\n<a href=\"javascript:history.back()\"> <div class=\"profiles-btn\"> \n\n<div class=\"btn-left-sq bg-primary\"> <i class=\"fa fa-caret-left white-text\"> <\/i> <\/div>\n<div class=\"btn-text title-bold white-text\">Retour aux profils<\/div>\n\n<\/div>\n\n<\/a>\n\n<h2 class=\"profile-name\">Professor Moussa Balde<\/h2>\n\n<ul class=\"profile-list prof-pos\" style=\"list-style:none;\"><li class=\"profile-position\">Minister of Higher Education<\/li><li class=\"profile-position\"> Scientific Research and Innovation<\/li><\/ul>\n\n<p class=\"profile-info profile-tagline primary-bold prof-pos\"><span class=\"primary-text is-bold\"><\/span><\/p><\/div><\/div>\n\n\n\n<div class=\"is-layout-flow wp-block-group pad-5 profile-body\"><div class=\"wp-block-group__inner-container\"><img decoding=\"async\" src=\"https:\/\/aims-senegal.org\/wp-content\/uploads\/sites\/2\/2023\/01\/Pr-Moussa-Balde-1.jpg\"\/>\n\n\n<p class=\"profile-bio-text\"><\/p>\n<\/div><\/div>","protected":false},"excerpt":{"rendered":"","protected":false},"author":12,"featured_media":5213,"parent":0,"template":"","meta":{"advgb_blocks_editor_width":"","advgb_blocks_columns_visual_guide":"","profile-name":"Professor Moussa Balde","profile-position":"Minister of Higher Education, Scientific Research and Innovation","profile-tagline":""},"tags":[],"people_types":[10],"acf":[],"featured_img":"https:\/\/aims-senegal.org\/wp-content\/uploads\/sites\/2\/2023\/01\/Pr-Moussa-Balde-1.jpg","coauthors":[],"author_meta":{"author_link":"https:\/\/aims-senegal.org\/fr\/author\/joel\/","display_name":"joel"},"relative_dates":{"created":"Publi\u00e9 3 ans il y a","modified":"Mis \u00e0 jour 3 ans il y a"},"absolute_dates":{"created":"Publi\u00e9 le janvier 31, 2023","modified":"Mise \u00e0 jour le janvier 31, 2023"},"absolute_dates_time":{"created":"Publi\u00e9 le janvier 31, 2023 12:08  ","modified":"Mise \u00e0 jour le janvier 31, 2023 12:17  "},"featured_img_caption":"","tax_additional":{"post_tag":{"linked":[],"unlinked":[],"slug":"post_tag","name":"\u00c9tiquettes"},"people_types":{"linked":["<a href=\"https:\/\/aims-senegal.org\/fr\/person_type\/board\/\" class=\"advgb-post-tax-term\">Board<\/a>"],"unlinked":["<span class=\"advgb-post-tax-term\">Board<\/span>"],"slug":"people_types","name":"Person Type"}},"series_order":"","_links":{"self":[{"href":"https:\/\/aims-senegal.org\/fr\/wp-json\/wp\/v2\/person\/5209"}],"collection":[{"href":"https:\/\/aims-senegal.org\/fr\/wp-json\/wp\/v2\/person"}],"about":[{"href":"https:\/\/aims-senegal.org\/fr\/wp-json\/wp\/v2\/types\/person"}],"author":[{"embeddable":true,"href":"https:\/\/aims-senegal.org\/fr\/wp-json\/wp\/v2\/users\/12"}],"version-history":[{"count":3,"href":"https:\/\/aims-senegal.org\/fr\/wp-json\/wp\/v2\/person\/5209\/revisions"}],"predecessor-version":[{"id":5214,"href":"https:\/\/aims-senegal.org\/fr\/wp-json\/wp\/v2\/person\/5209\/revisions\/5214"}],"wp:featuredmedia":[{"embeddable":true,"href":"https:\/\/aims-senegal.org\/fr\/wp-json\/wp\/v2\/media\/5213"}],"wp:attachment":[{"href":"https:\/\/aims-senegal.org\/fr\/wp-json\/wp\/v2\/media?parent=5209"}],"wp:term":[{"taxonomy":"post_tag","embeddable":true,"href":"https:\/\/aims-senegal.org\/fr\/wp-json\/wp\/v2\/tags?post=5209"},{"taxonomy":"people_types","embeddable":true,"href":"https:\/\/aims-senegal.org\/fr\/wp-json\/wp\/v2\/people_types?post=5209"}],"curies":[{"name":"wp","href":"https:\/\/api.w.org\/{rel}","templated":true}]}}

Publié 3 ans il y a

Mis à jour 3 ans il y a

Publié le janvier 31, 2023

Mise à jour le janvier 31, 2023

Publié le janvier 31, 2023 12:08

Mise à jour le janvier 31, 2023 12:17

Étiquettes
