{"id":850,"date":"2020-09-25T18:51:00","date_gmt":"2020-09-25T18:51:00","guid":{"rendered":"https:\/\/aims-senegal.org\/?post_type=person&#038;p=850"},"modified":"2025-05-08T11:12:43","modified_gmt":"2025-05-08T11:12:43","slug":"850-2","status":"publish","type":"person","link":"https:\/\/aims-senegal.org\/fr\/person\/850-2\/","title":{"rendered":"Astou Sandrine Toure"},"content":{"rendered":"<div class=\"wp-block-cover is-light profile-banner bg-alt\"><span aria-hidden=\"true\" class=\"wp-block-cover__background has-background-dim-100 has-background-dim\" style=\"background-color:none\"><\/span><div class=\"wp-block-cover__inner-container\">\n\n\n<a href=\"javascript:history.back()\"> <div class=\"profiles-btn\"> \n\n<div class=\"btn-left-sq bg-primary\"> <i class=\"fa fa-caret-left white-text\"> <\/i> <\/div>\n<div class=\"btn-text title-bold white-text\">Retour aux profils<\/div>\n\n<\/div>\n\n<\/a>\n\n<h2 class=\"profile-name\">Ben Eliezel Ndizera<\/h2>\n\n<ul class=\"profile-list prof-pos\" style=\"list-style:none;\"><li class=\"profile-position\">Responsable des finances<\/li><\/ul>\n\n<p class=\"profile-info profile-tagline primary-bold prof-pos\"><span class=\"primary-text is-bold\"><\/span><\/p><\/div><\/div>\n\n\n\n<div class=\"is-layout-flow wp-block-group pad-5 profile-body\"><div class=\"wp-block-group__inner-container\"><img decoding=\"async\" src=\"https:\/\/aims-senegal.org\/wp-content\/uploads\/sites\/2\/2020\/09\/Astou.png\"\/>\n\n\n<p class=\"profile-bio-text\"><\/p>\n<\/div><\/div>","protected":false},"excerpt":{"rendered":"","protected":false},"author":3,"featured_media":6661,"parent":0,"template":"","meta":{"advgb_blocks_editor_width":"","advgb_blocks_columns_visual_guide":"","profile-name":"Ben Eliezel Ndizera","profile-position":"Finance Manager","profile-tagline":""},"tags":[],"people_types":[],"acf":[],"featured_img":"https:\/\/aims-senegal.org\/wp-content\/uploads\/sites\/2\/2020\/09\/Astou.png","coauthors":[],"author_meta":{"author_link":"https:\/\/aims-senegal.org\/fr\/author\/henry\/","display_name":"henry"},"relative_dates":{"created":"Publi\u00e9 6 ans il y a","modified":"Mis \u00e0 jour 12 mois il y a"},"absolute_dates":{"created":"Publi\u00e9 le septembre 25, 2020","modified":"Mise \u00e0 jour le mai 8, 2025"},"absolute_dates_time":{"created":"Publi\u00e9 le septembre 25, 2020 6:51  ","modified":"Mise \u00e0 jour le mai 8, 2025 11:12  "},"featured_img_caption":"","tax_additional":{"post_tag":{"linked":[],"unlinked":[],"slug":"post_tag","name":"\u00c9tiquettes"},"people_types":{"linked":[],"unlinked":[],"slug":"people_types","name":"Person Type"}},"series_order":"","_links":{"self":[{"href":"https:\/\/aims-senegal.org\/fr\/wp-json\/wp\/v2\/person\/850"}],"collection":[{"href":"https:\/\/aims-senegal.org\/fr\/wp-json\/wp\/v2\/person"}],"about":[{"href":"https:\/\/aims-senegal.org\/fr\/wp-json\/wp\/v2\/types\/person"}],"author":[{"embeddable":true,"href":"https:\/\/aims-senegal.org\/fr\/wp-json\/wp\/v2\/users\/3"}],"version-history":[{"count":11,"href":"https:\/\/aims-senegal.org\/fr\/wp-json\/wp\/v2\/person\/850\/revisions"}],"predecessor-version":[{"id":7461,"href":"https:\/\/aims-senegal.org\/fr\/wp-json\/wp\/v2\/person\/850\/revisions\/7461"}],"wp:featuredmedia":[{"embeddable":true,"href":"https:\/\/aims-senegal.org\/fr\/wp-json\/wp\/v2\/media\/6661"}],"wp:attachment":[{"href":"https:\/\/aims-senegal.org\/fr\/wp-json\/wp\/v2\/media?parent=850"}],"wp:term":[{"taxonomy":"post_tag","embeddable":true,"href":"https:\/\/aims-senegal.org\/fr\/wp-json\/wp\/v2\/tags?post=850"},{"taxonomy":"people_types","embeddable":true,"href":"https:\/\/aims-senegal.org\/fr\/wp-json\/wp\/v2\/people_types?post=850"}],"curies":[{"name":"wp","href":"https:\/\/api.w.org\/{rel}","templated":true}]}}

Publié 6 ans il y a

Mis à jour 12 mois il y a

Publié le septembre 25, 2020

Mise à jour le mai 8, 2025

Publié le septembre 25, 2020 6:51

Mise à jour le mai 8, 2025 11:12

Étiquettes
