{"id":2405,"date":"2021-03-18T11:29:01","date_gmt":"2021-03-18T11:29:01","guid":{"rendered":"https:\/\/aims-senegal.org\/?post_type=publication&#038;p=2405"},"modified":"2021-03-18T11:29:02","modified_gmt":"2021-03-18T11:29:02","slug":"fall-mouhamed-moustapha-weth-tobias-sharp-local-upper-bound-of-the-first-non-zero-neumann-eigenvalue-in-riemannian-manifolds-calc-var-partial-differential-equations-51-2014-n","status":"publish","type":"publication","link":"https:\/\/aims-senegal.org\/fr\/publication\/fall-mouhamed-moustapha-weth-tobias-sharp-local-upper-bound-of-the-first-non-zero-neumann-eigenvalue-in-riemannian-manifolds-calc-var-partial-differential-equations-51-2014-n\/","title":{"rendered":"Fall, Mouhamed Moustapha; Weth, Tobias Sharp Limite sup\u00e9rieure locale de la premi\u00e8re valeur propre de Neumann non nulle dans les vari\u00e9t\u00e9s riemanniennes. Calc. Var. \u00c9quations diff\u00e9rentielles partielles 51 (2014), n"},"content":{"rendered":"","protected":false},"excerpt":{"rendered":"","protected":false},"author":15,"featured_media":0,"parent":0,"template":"","meta":{"advgb_blocks_editor_width":"","advgb_blocks_columns_visual_guide":""},"tags":[],"subject_types":[],"publication_types":[],"acf":[],"featured_img":false,"coauthors":[],"author_meta":{"author_link":"https:\/\/aims-senegal.org\/fr\/author\/roger\/","display_name":"roger"},"relative_dates":{"created":"Publi\u00e9 5 ans il y a","modified":"Mis \u00e0 jour 5 ans il y a"},"absolute_dates":{"created":"Publi\u00e9 le mars 18, 2021","modified":"Mise \u00e0 jour le mars 18, 2021"},"absolute_dates_time":{"created":"Publi\u00e9 le mars 18, 2021 11:29  ","modified":"Mise \u00e0 jour le mars 18, 2021 11:29  "},"featured_img_caption":"","tax_additional":{"post_tag":{"linked":[],"unlinked":[],"slug":"post_tag","name":"\u00c9tiquettes"},"subject_types":{"linked":[],"unlinked":[],"slug":"subject_types","name":"subject Type"},"publication_types":{"linked":[],"unlinked":[],"slug":"publication_types","name":"Publication Type"}},"series_order":"","_links":{"self":[{"href":"https:\/\/aims-senegal.org\/fr\/wp-json\/wp\/v2\/publication\/2405"}],"collection":[{"href":"https:\/\/aims-senegal.org\/fr\/wp-json\/wp\/v2\/publication"}],"about":[{"href":"https:\/\/aims-senegal.org\/fr\/wp-json\/wp\/v2\/types\/publication"}],"author":[{"embeddable":true,"href":"https:\/\/aims-senegal.org\/fr\/wp-json\/wp\/v2\/users\/15"}],"version-history":[{"count":2,"href":"https:\/\/aims-senegal.org\/fr\/wp-json\/wp\/v2\/publication\/2405\/revisions"}],"predecessor-version":[{"id":2408,"href":"https:\/\/aims-senegal.org\/fr\/wp-json\/wp\/v2\/publication\/2405\/revisions\/2408"}],"wp:attachment":[{"href":"https:\/\/aims-senegal.org\/fr\/wp-json\/wp\/v2\/media?parent=2405"}],"wp:term":[{"taxonomy":"post_tag","embeddable":true,"href":"https:\/\/aims-senegal.org\/fr\/wp-json\/wp\/v2\/tags?post=2405"},{"taxonomy":"subject_types","embeddable":true,"href":"https:\/\/aims-senegal.org\/fr\/wp-json\/wp\/v2\/subject_types?post=2405"},{"taxonomy":"publication_types","embeddable":true,"href":"https:\/\/aims-senegal.org\/fr\/wp-json\/wp\/v2\/publication_types?post=2405"}],"curies":[{"name":"wp","href":"https:\/\/api.w.org\/{rel}","templated":true}]}}

Fall, Mouhamed Moustapha; Weth, Tobias Sharp Limite supérieure locale de la première valeur propre de Neumann non nulle dans les variétés riemanniennes. Calc. Var. Équations différentielles partielles 51 (2014), n

Publié 5 ans il y a

Mis à jour 5 ans il y a

Publié le mars 18, 2021

Mise à jour le mars 18, 2021

Publié le mars 18, 2021 11:29

Mise à jour le mars 18, 2021 11:29

Étiquettes
