{"id":2438,"date":"2021-03-18T11:34:05","date_gmt":"2021-03-18T11:34:05","guid":{"rendered":"https:\/\/aims-senegal.org\/?post_type=publication&#038;p=2438"},"modified":"2021-03-18T11:34:05","modified_gmt":"2021-03-18T11:34:05","slug":"m-m-fall-and-t-weth-profile-expansion-for-the-first-nontrivial-steklov-eigenvalue-in-riemannian-manifolds-comm-anal-geom-25-2017-no-2-431-463","status":"publish","type":"publication","link":"https:\/\/aims-senegal.org\/fr\/publication\/m-m-fall-and-t-weth-profile-expansion-for-the-first-nontrivial-steklov-eigenvalue-in-riemannian-manifolds-comm-anal-geom-25-2017-no-2-431-463\/","title":{"rendered":"MM Fall et T. Weth, Expansion de profil pour la premi\u00e8re valeur propre non triviale de Steklov dans les vari\u00e9t\u00e9s riemanniennes. Comm. Anal. Geom. 25 (2017), n \u00b0. 2, 431\u2013463."},"content":{"rendered":"","protected":false},"excerpt":{"rendered":"","protected":false},"author":15,"featured_media":0,"parent":0,"template":"","meta":{"advgb_blocks_editor_width":"","advgb_blocks_columns_visual_guide":""},"tags":[],"subject_types":[],"publication_types":[],"acf":[],"featured_img":false,"coauthors":[],"author_meta":{"author_link":"https:\/\/aims-senegal.org\/fr\/author\/roger\/","display_name":"roger"},"relative_dates":{"created":"Publi\u00e9 5 ans il y a","modified":"Mis \u00e0 jour 5 ans il y a"},"absolute_dates":{"created":"Publi\u00e9 le mars 18, 2021","modified":"Mise \u00e0 jour le mars 18, 2021"},"absolute_dates_time":{"created":"Publi\u00e9 le mars 18, 2021 11:34  ","modified":"Mise \u00e0 jour le mars 18, 2021 11:34  "},"featured_img_caption":"","tax_additional":{"post_tag":{"linked":[],"unlinked":[],"slug":"post_tag","name":"\u00c9tiquettes"},"subject_types":{"linked":[],"unlinked":[],"slug":"subject_types","name":"subject Type"},"publication_types":{"linked":[],"unlinked":[],"slug":"publication_types","name":"Publication Type"}},"series_order":"","_links":{"self":[{"href":"https:\/\/aims-senegal.org\/fr\/wp-json\/wp\/v2\/publication\/2438"}],"collection":[{"href":"https:\/\/aims-senegal.org\/fr\/wp-json\/wp\/v2\/publication"}],"about":[{"href":"https:\/\/aims-senegal.org\/fr\/wp-json\/wp\/v2\/types\/publication"}],"author":[{"embeddable":true,"href":"https:\/\/aims-senegal.org\/fr\/wp-json\/wp\/v2\/users\/15"}],"version-history":[{"count":2,"href":"https:\/\/aims-senegal.org\/fr\/wp-json\/wp\/v2\/publication\/2438\/revisions"}],"predecessor-version":[{"id":2441,"href":"https:\/\/aims-senegal.org\/fr\/wp-json\/wp\/v2\/publication\/2438\/revisions\/2441"}],"wp:attachment":[{"href":"https:\/\/aims-senegal.org\/fr\/wp-json\/wp\/v2\/media?parent=2438"}],"wp:term":[{"taxonomy":"post_tag","embeddable":true,"href":"https:\/\/aims-senegal.org\/fr\/wp-json\/wp\/v2\/tags?post=2438"},{"taxonomy":"subject_types","embeddable":true,"href":"https:\/\/aims-senegal.org\/fr\/wp-json\/wp\/v2\/subject_types?post=2438"},{"taxonomy":"publication_types","embeddable":true,"href":"https:\/\/aims-senegal.org\/fr\/wp-json\/wp\/v2\/publication_types?post=2438"}],"curies":[{"name":"wp","href":"https:\/\/api.w.org\/{rel}","templated":true}]}}

MM Fall et T. Weth, Expansion de profil pour la première valeur propre non triviale de Steklov dans les variétés riemanniennes. Comm. Anal. Geom. 25 (2017), n °. 2, 431–463.

Publié 5 ans il y a

Mis à jour 5 ans il y a

Publié le mars 18, 2021

Mise à jour le mars 18, 2021

Publié le mars 18, 2021 11:34

Mise à jour le mars 18, 2021 11:34

Étiquettes
